 2*g = -513. What is the tens digit of s?
6
What is the thousands digit of ((-106304)/8*2 - 1)*(-1)/1?
6
Suppose -45 = -19*z + 14*z. Suppose 0 = 4*i + z - 497. What is the tens digit of i?
2
Suppose h - 16427 = 5*d, h + d = 13454 + 3009. What is the hundreds digit of h?
4
What is the ten thousands digit of 16/480*-10 + 84218/6?
1
Let o = -17 - -10. Let r(a) = -a**3 + 9*a**2 + 24*a - 14. Let h be r(11). What is the tens digit of 5/140*h + (-537)/o?
7
Let s be (-6)/(-21) + 30/(-105). Suppose s*m - 2*m + 368 = -2*d, 5*m = d + 916. What is the tens digit of m?
8
Let t(p) = p**3 + 26*p**2 + 36*p - 53. Let b be t(-23). Suppose 2*u - b = 4*q, 3*q + 1555 = 5*u - 245. What is the tens digit of u?
6
Let n = -1623 + 2816. What is the thousands digit of n?
1
Let h be 1585/(15/(-6) + 2). What is the tens digit of (-5)/(-3) + (-5)/(75/h)?
1
Let a = -58 - 441. Let n = a + 848. What is the units digit of n?
9
Suppose 0 = 4*b + 9*g - 8*g - 21524, 3*g = 12. What is the thousands digit of b?
5
Let j = -520 - -518. What is the hundreds digit of (9/(45/85))/(j/(-22))?
1
Suppose 2*w = -0*w + 120. Suppose 5*n + 8 = -3*q, 0 = 10*n - 11*n - 4. Suppose q*v = -v + w. What is the tens digit of v?
1
Let v(o) = -o - 11. Suppose 0 = -4*c + 3*c - 11. Let y be v(c). Suppose -2*i - 2*i - 196 = -3*j, -4*j + i + 270 = y. What is the units digit of j?
8
Suppose -444 + 136 = -q + 5*l, 2*q - 641 = 5*l. Let k = q + 91. What is the tens digit of k?
2
Let k(b) be the second derivative of -b**4/12 - 3*b**3 + 17*b**2/2 - 3*b. Let i be k(-19). What is the tens digit of 1078/22*(-1 - i)?
4
Let t = -178 + 255. Let y = 0 + t. What is the units digit of y?
7
Suppose -4*t = -4, 14*l + 2*t = 17*l - 892. Suppose -n + 20 + l = 0. What is the units digit of n?
8
Suppose 1258 = 3*c - 710. Suppose -c = -2*n - 3*w, 14*w - 985 = -3*n + 9*w. What is the tens digit of n?
2
Suppose -99*x - 378535 = 40*x - 6392370. What is the thousands digit of x?
3
Suppose 0 = 30*u - 16095 - 75135. What is the tens digit of u?
4
Let a(r) = r**3 + 652*r - 5*r**2 - 5*r**2 - 650*r - 20. Let c be a(10). Suppose c = -14*j - j + 615. What is the units digit of j?
1
Suppose 5*s - 5*l = 17410, 5*s - 4*l - 3109 = 14301. What is the hundreds digit of s?
4
Suppose -2*z = -3*z + 4. Suppose -5*g - i = -3, g - 6 = -0*g - 2*i. Suppose z*d + 120 - 424 = g. What is the units digit of d?
6
Suppose 7*z = -357 - 91. Let u = z - 50. Let w = -9 - u. What is the tens digit of w?
0
Let v be (130/91)/(-2*(-2)/140). Let f be v/8 - (-14)/(-56). What is the units digit of ((-26)/f)/(1/(-3))?
3
Suppose -109*l + 6069114 = 225*l. What is the ten thousands digit of l?
1
Suppose 860079 = -196*a + 23*a + 3053200. What is the ten thousands digit of a?
1
Suppose 2*a + 4*m - 34094 = 0, -2*a - 5*m = -a - 17035. What is the hundreds digit of 12/(-168) + a/42?
4
Let s(b) = 2157*b + 32. Let j be s(9). Suppose -j = -11*u - 6146. What is the tens digit of u?
0
What is the tens digit of (-3 + -7 - -1)*-926 - -5?
3
Let t = -6 - -19. Let m be (32/(2400/(-315)))/((-1)/30). Suppose -t*a - a = -m. What is the units digit of a?
9
Let u(z) = 5*z**2 - 16*z + 48. Let d be u(13). Let w = d + -99. What is the tens digit of w?
8
Let y = 4757 - 1842. Suppose 5*w - 3*a = y, w = 4*w + a - 1735. What is the tens digit of w?
8
Suppose -f = -5*v + 2*v + 10, 16 = -4*f + 4*v. Let p be (2 - (1 + f)) + 43. Let o = 25 + p. What is the units digit of o?
0
Let g = 25838 - 12991. What is the tens digit of g?
4
Let v(f) = -232*f - 10. Suppose 3*s - 3*r = -18, -5*s + 2*r - 5 - 13 = 0. Let t be v(s). Let b = t + -310. What is the hundreds digit of b?
1
Suppose 2*h - 2*c + 5*c - 9 = 0, -3*h + 4*c + 5 = 0. Suppose -201 = -v + 5*w + 447, 2*v = -h*w + 1244. What is the hundreds digit of v?
6
Let i(s) = -1873*s - 44. What is the ten thousands digit of i(-11)?
2
Let g = -90 + 90. Suppose g = 8*j + 12*j - 2020. What is the units digit of j?
1
Let o(n) = 2*n**3 - 38480 - 3*n**3 + 53*n - 31*n**2 + 38521. What is the hundreds digit of o(-33)?
4
What is the units digit of ((-3)/((-9)/(-156)))/((-71)/9798)?
6
Let l be 0 - (3 + 0 - (22 - 15)). Suppose 1952 = l*s - 1668. Suppose -42*d + s = -37*d. What is the hundreds digit of d?
1
Let d(u) = -6207*u - 234. What is the hundreds digit of d(-1)?
9
What is the tens digit of ((-195110)/654)/((-2)/30)?
7
Let a be 305*((-1701)/(-105) - (-3)/(-5)). Suppose -a = -7*p - 425. What is the tens digit of p?
1
Suppose 3*k - 5*x = -k - 33, 13 = -4*k + x. Let a(u) = 2*u**3 - u**2 - 5*u - 7. Let t be a(k). Let s = 43 + t. What is the tens digit of s?
2
Suppose -12*i + 30 = 3*i. Let j be (-1)/((-1)/(-10167)) + i. What is the units digit of 2/11 + j/(-55)?
5
Suppose -6*l = -2*l - 3*r - 267751, -4*r + 133892 = 2*l. What is the thousands digit of l?
6
Let c = 55 - 55. Let b be c/(0 + -5) - 55. Let x = b + 60. What is the units digit of x?
5
Suppose -11*x = -16*x + 15. Suppose -32 = x*d - 11*d. Suppose -21 = d*y - 925. What is the tens digit of y?
2
Suppose 7*b - 1011 = 1222. Suppose 0 = -2*h - 2 + 6. Suppose -4*t = 5*y - b, -h*t + 8*y + 167 = 3*y. What is the tens digit of t?
8
Suppose 3224 = 2*z + 4*u, -4*z = -7*z + 4*u + 4816. Suppose -r + 2*r - 2*n - 547 = 0, -5*n + z = 3*r. What is the tens digit of r?
4
Let u(y) = 27*y**3 - y**2 - 5*y - 3. Let k be u(-2). Let o = 606 + k. What is the hundreds digit of o?
3
Let j(k) = -14*k**3 + 6*k**2 - k - 13. Let c be j(4). Let y = -330 - c. What is the units digit of y?
7
Suppose -5*h + 11*h = 36. Let f(d) = -6 + 10*d**2 - h*d**3 + 0*d**2 - 9*d - 11*d**2. What is the hundreds digit of f(-3)?
1
Let a = 62 + -124. Let k = 78 + a. What is the units digit of ((-6)/(-4))/(k/992)?
3
Suppose -23 + 135 = 28*y. Suppose 22*k + 4*m + 165 = 23*k, -y*m - 471 = -3*k. What is the hundreds digit of k?
1
Let z(o) = 4*o**3 + 36*o**2 - 15*o - 32. Suppose 0 = 3*g + 6. Let m(t) = t**3 + 12*t**2 - 5*t - 11. Let y(j) = g*z(j) + 7*m(j). What is the tens digit of y(10)?
3
What is the thousands digit of (4455/(-81))/(2/(-308))?
8
Suppose 676248 = -176*i + 214*i. What is the tens digit of i?
9
Let c(x) = x**3 + 18*x**2 + x + 21. Let u be c(-18). Suppose -3*v - 5 = 3*i + 7, 5*v + 20 = u*i. What is the tens digit of i + (4/12)/(2/210)?
3
Suppose -5*n = -15, 6*n = -4*i + 3*n + 93. What is the hundreds digit of 3021/7 - (-9)/i?
4
Let g(v) = -21*v + 495. Let n(u) = -1. Let l(f) = g(f) + n(f). What is the tens digit of l(-44)?
1
What is the ten thousands digit of (-33)/((-1155)/(-280)) + (-19029)/(-1)?
1
Suppose 0 = 4*w - w - d - 11, -4 = -2*w + 4*d. What is the hundreds digit of (-130 + -4)*(18/w)/(-3)?
2
Suppose 52 = -v - 1. Let a = v - -53. Suppose 3*b + 2*b = 4*y - 320, -b + 4 = a. What is the tens digit of y?
8
Suppose s + 2*d = 1602 - 602, s - 3*d - 1025 = 0. What is the thousands digit of s?
1
Suppose 0 = 8*z + 64674 - 160786. What is the units digit of z?
4
Let g(s) be the first derivative of 2*s**3/3 + s**2 - 108*s - 249. What is the hundreds digit of g(-19)?
5
Let h(i) = -i**3 - 9*i**2 - 17*i + 11. Let k be h(-6). Let a(w) = 16*w**2 - 32*w + 148. What is the tens digit of a(k)?
8
Suppose -m = -0*m - 1. Let b be m + 2/(-2 + 4). Suppose 0 = -4*u, b*j + u = j + 71. What is the units digit of j?
1
Suppose c + 1692 = 3*c. Let r = c - 592. Suppose 0 = -s - b - 4*b + 75, 3*b = 4*s - r. What is the tens digit of s?
6
Let y = 32 - 56. Suppose 0 = -4*q + 12, 4*f + 8*q = 4*q + 20. What is the tens digit of f/6 - 2272/y?
9
What is the tens digit of -106*5*-22 - (-4 - (-3 - 6))?
5
Suppose -5*o + 5*h + 65630 = 0, o + 0*h + 3*h - 13114 = 0. What is the tens digit of o?
2
Let s(m) = 118*m - 12. Let g(j) = 119*j - 9. Let p(q) = 4*g(q) - 5*s(q). What is the hundreds digit of p(-2)?
2
Let z = 35 - 32. Suppose -o + z = 0, -4*p + 0*p - 3*o + 1989 = 0. Suppose 2*s = -149 + p. What is the tens digit of s?
7
Let j = -3644 + 3840. Suppose 231 = -u + 4*u. Let y = j - u. What is the units digit of y?
9
Let a = 75956 - 38493. What is the units digit of a?
3
Suppose -c = -n - 5*c - 4, n - 3*c = 3. Suppose 5*k = -o + 1108, -2221 = -2*o - n*o - 5*k. What is the tens digit of o?
1
Suppose 8 = 4*i, -4*u + 35659 - 11491 = 2*i. What is the hundreds digit of u?
0
Let i(y) = -13*y - 29. Let b(l) = l**2 + 13*l + 28. Let a(q) = 3*b(q) + 4*i(q). What is the tens digit of a(-12)?
5
Suppose 9